5) - 7) + (-154 - -27).
-133
Calculate 35 - (53 + -55) - 41.
-4
Evaluate 6 - (4 + (-5 + -50 - 3) + (8 - -1)).
51
77 + -37 - -15 - (10 + 2)
43
11 - 4 - (43 - (15 + 5 + -6))
-22
(1275 - 1274) + (1 - (6 - -1))
-5
Evaluate 228 + -72 + -76 - 52.
28
What is the value of (-50 - -45) + -34 - -6?
-33
Calculate -55 + -59 + 69 - -24.
-21
What is 30 - (-6 + 7 - ((22 - 0) + -9))?
42
What is (11 + 24 - 25) + -6 - -57?
61
What is the value of (-7 + -1 - (4 - 3)) + 697 + -666?
22
What is the value of -22 + 0 + -10 + (122 - 49)?
41
Calculate (-13 - (57 - 51)) + 18.
-1
Evaluate (9 + -5 - 1) + 5 + -10.
-2
What is the value of -10 - ((-3 - 0) + 0) - (16 + (231 - 114))?
-140
Calculate (12 - (-26 + 43)) + (23 - (0 - 3)).
21
Calculate -33 + (-3 + -2 + -12 + -1 - -6).
-45
Evaluate (16 - 39 - 2) + -3 + (3 - 12).
-37
Calculate 1 + 1 + -2 + (-12 + 34 - 52 - -86).
56
What is (63 - (14 + 105)) + 19?
-37
Evaluate (-17 - -11) + (8 - 115 - ((7 - 3) + -19)).
-98
-70 - (-22 + 41 + -1 + -17)
-71
What is the value of 12 - ((-2 + 11 - 1) + -18 + 61)?
-39
What is 1 - 6 - (11505 + -11583)?
73
Evaluate 27 - ((-71 - -83) + 3 + -12).
24
What is -45 + 1 - ((-63 - 122) + 222)?
-81
-8 + -53 + 13 + -2 + 23
-27
Calculate (44 - (44 + 11)) + 3.
-8
-51 - (1 + 5 + -9 + 1 - (-38 + 43))
-44
Calculate 83 + (-52 - (-23 + 133)).
-79
Evaluate (43 - (3 + 1)) + -248 + 263 - (-1 - -10).
45
What is (-1 - -1) + (18 - 3) + (-90 - -99) + -87?
-63
Evaluate (-207 - (41 + -169)) + 116.
37
What is (-147 - (243 - 376)) + (2 - (3 - 1 - 112))?
98
Evaluate (23 - 7 - 43 - 22) + (9 - (-3 + 3)).
-40
Calculate 100 - -1 - (91 + -64 + 10).
64
Calculate (-2 + -32 - (-12 - -21)) + (3 - (2 + 9)).
-51
48 + (-174 + 55 - -56)
-15
What is -1806 + 1804 - (-3 - (-32 + (-1 - 0)))?
-32
What is 133 + 67 + -168 + -93 + 0?
-61
Calculate -48 + 62 + -35 + 6 + 2.
-13
What is (-5 + (18 - -12) - 2) + -74?
-51
What is (20 + 0 - (-1548 - -1469)) + 10?
109
Evaluate 55 + 1 - (37 - (-9 - (-50 - -16))).
44
What is (-1 - 4) + -6 - (-16 - -2 - (-255 + 254))?
2
Evaluate (-26 - 0) + -1 - (-6 + (13 - -6) + -3).
-37
Evaluate -134 - ((43 + 3 - 46) + -32).
-102
What is the value of (-20 + -19 - (-14 - -2)) + 27?
0
What is the value of -66 + 214 + -123 - -72?
97
What is -267 + 265 + (2 - (0 + 0)) - -6 - -28?
34
What is the value of 14 + (-11 - -4) - 7 - (4 + (-9 - -3))?
2
Calculate -99 - (-62 + 63 - (1 + -3) - (5 - 6)).
-103
What is -13 - 0 - (-699 - -699 - (2 + 1))?
-10
What is -3 + -8 + 4 + 8 + -64 + 6 + 19?
-38
What is -34 + -2 + (26 - 14)?
-24
11 + (26 + -7 + -8 - (-2 - 35)) + 11
70
Evaluate 1 + -12 - 0 - (19 + -23 + 11).
-18
What is -11 + (-91 - -96) + (5 - 1)?
-2
What is the value of -12 + ((-120 - -34) + 28 - -33)?
-37
Evaluate -54 + -1 + 16 + (-9 - (-14 + 4)).
-38
(-1 - (1 - 1)) + -11 + 26 + -30
-16
Calculate 48 + -45 + (-47 - -1 - 3) + 0.
-46
Calculate 60 + (-118 - (-171 + 65)).
48
What is the value of 15 - (-11 - -7) - -23?
42
Calculate 25 + 10 + (-106 + 47 - -97).
73
What is the value of (-39 - 57) + (-49 - -125)?
-20
What is -86 - -121 - (-61 + 54)?
42
What is the value of (4 - 16) + 97 - (-7 + (-24 - (15 + -31)))?
100
Calculate (-75 - -1) + 7 + (4 - (-9 + 16) - 4).
-74
Calculate 42 - (17 + 0 - (1 - 0)).
26
Calculate 62 - (71 - (33 + 10)).
34
What is (-2 - -3) + 4 + 293 + -294?
4
-6 + (-12 - -8 - -6) - (4 + 9)
-17
What is 56 + 22 + (18 - 43)?
53
Evaluate -127 - (18 + -135 + -2).
-8
Calculate 6 + (-11 - -2) - (0 + -4) - (646 + -595).
-50
What is the value of 71 - (-77 + 67 + 38)?
43
Calculate -57 - ((-18 - 20 - 28) + 32).
-23
What is 3 + -2 + (30 - 34) - 15 - 12?
-30
Calculate (43 + -115 - -88) + -25.
-9
Evaluate (-51 - ((1 - (5 - 3)) + -4)) + 5.
-41
Calculate (5 - 5 - 2) + -5 + -44 + 19 - 12.
-44
-18 + 6 - ((-16 - (8 + 44)) + 10)
46
Evaluate (-2 - 0 - -1) + (-363 - -609) + -333.
-88
Calculate 9 - (-3 + (-2 + 1 - -5) + -25) - -10.
43
(11 - 11) + 39 + -2 + 10 + 1
48
-31 - (4 + 10 + -21 + -3 + 16)
-37
-3 - 1 - 7 - (-69 + 37 - 48)
69
Evaluate -62 - -19 - ((7 - -3) + -16).
-37
What is the value of (1 - (-5 + 13)) + 18 - 17 - (-28 - 3)?
25
-22 + (7 - -33) + -44
-26
(-136 - -331) + -203 - (1 - 20)
11
-44 + 5 + 25 + 7 - -3
-4
What is (-178 - -194 - ((-3 - -6) + -1 + -3)) + 9?
26
What is the value of 3 - (-20 - (-11 - (-25 + (4 - (4 + -2)))))?
35
Calculate -30 + (10 - -4) + -17 - -40.
7
0 + -140 - (-1092 + 862)
90
Calculate -97 + -60 + 240 + 8.
91
139 + -66 - (42 + 5)
26
Calculate 13 + 0 + -76 + 30.
-33
Calculate (-36 + 13 - 17) + -5.
-45
-80 - (-24 + 21 + 39 - 40)
-76
What is 1 - 6 - (0 - (-70 + 65 - (73 + 1)))?
-84
Evaluate 71 + 21 + 12 + -19 - 33.
52
What is (-7 + 21 - (-2 + (5 + 3 - -1))) + 18?
25
24 - (197 - 1 - ((135 - 81) + -32))
-150
78 + (17 + -58 + 28 - (-3 + 1))
67
Evaluate 6 + -43 + -35 + 42 + 29.
-1
What is the value of -5 + (-39 + 31 - (0 - 2))?
-11
What is -109 - ((0 - 106) + 38)?
-41
Calculate 8 + (-11 - (-5 + -1 + 0)) + 40.
43
Evaluate (-7 - -14) + -82 - (28 - (0 - -26)).
-77
0 + (0 - 15) - ((-18 - (-33 + -5)) + -21)
-14
Evaluate 84 + (29 - (94 + -67)).
86
What is -6 + -22 + 32 + 7 + (-1 - -5)?
15
-20 + 11 - ((4 + 11 - 10) + -89)
75
What is 10 + -9 + (-35 - (-7 - 3)) + -9?
-33
Evaluate -174 + 154 + (11 + -12 - -158) + -3.
134
What is the value of -29 - -6 - (138 - 194)?
33
Calculate (18 - (-19 - -50)) + 16 + 0.
3
(9 - -143 - 181) + (-1 - -87)
57
Calculate -37 - (-11 + 2 + -25 - -50).
-53
What is 1 + -57 - (2787 - 2804)?
-39
Calculate -12 + (7 - 15) - (-10 - -7 - -2).
-19
What is the value of 100 - (132 - (26 + -69))?
-75
-18 - -13 - (-9 - 1 - (0 - 2))
3
Evaluate 112 + -3 + (-138 - -119).
90
What is the value of 27 - (-29 + 78 + -32)?
10
What is 3 + 59 + 38 + -37 - (-6 + 0)?
69
What is -4 - (-13 - (9 - 4)) - -35?
49
What is (-15 + 82 - 6) + -2 + -5?
54
What is -23 - (-49 + 29 - 10) - (1 + 2)?
4
What is the value of -1 + 11 - ((-20 - -78) + -29 + -12)?
-7
Evaluate (0 - 98) + (116 - (15 - -109)).
-106
Calculate 8 - (-44 + 75) - -2.
-21
198 + -241 + 3 + -4
-44
Calculate -150 - (92 + -164 - -13).
-91
-89 - ((-48 - 8) + (21 - -14))
-68
Calculate 102 + -179 + 42 - (1 - 20).
-16
Calculate 0 + -4 + 7 - ((-77 - (21 + -32)) + -21).
90
1 + -15 - (112 - 80)
-46
What is -7 - (52 - 1) - (9 + -22 - -7)?
-52
-29 + -28 + 3 + -17 - 17
-88
Calculate 39 - 2 - 60 - -11.
-12
What is -4 - -4 - 1 - ((-37 + 17 - 6) + -16)?
41
What is the value of 1 - ((-2 - (-3 - -1)) + 1) - (153 - 144)?
-9
What is (-25 + 4 - -15) + (8 + -45 - -2)?
-41
-27 - 3 - ((60 - (-35 + 89)) + 1 + -6)
-31
31 - (6 + -7 + 17 + -29)
44
Calculate 0 + (1 - (20 + (-17 - -9))) + -53.
-64
Evaluate 19 - (12 - (-13 - -13)) - (16 - (-7 - -5)).
-11
Evaluate 420 + -418 + -10 + (1 - -1).
-6
(9 + -2 - (36 - 37)) + -5 + -5
-2
Evaluate (28 - (-14 + 39)) + 5 + 8.
16
What is (-81 - -66) + -6 + (1 + (-3 - -4) - -4)?
-15
What is 141 + -163 + 2 + (6 - 0)?
-14
Evaluate -6 - ((19 - 17 - (-65 - 2)) + -123 + 135).
-87
Calculate 16 - 24 - (-5 + (10 - (-8 + 6)) - 15).
0
What is (-44 - -85 - -4) + -28?
17
Calculate 75 - 95 - (-46 + -3).
29
-32 + 4 + -13 + (50 - 29)
-20
Evaluate -96 + 83 + 51 - -4.
42
-11 + -16 + -5 + 23 + 3 - (129 + -2)
-133
What is 26 - (45 - 7) - (-7 + (-1 - -51) + -7)?
-48
What is -5 - (-10 + -1 - -13) - (11 + (4 - 2))?
-20
Calculate (-30 - 10) + 62 - (44 - 1).
-21
Evaluate -53 - (-13 + -12) - (0 - 14) - 14.
-28
Calculate 68 + 67 + -24 + -61.
50
Calculate 51 - (1689 + -1692 - (1 - 31)).
24
Calculate (-1 - -5) + -3 - (-23 + -7 + 82).
-51
What is the value of 5 + (-2 - 0 - -16 - (265 + -181))?
-65
What is -17 - 89 - 16 - -146?
24
Evaluate -28 + -131 + 148 + (-2 + (3 - 1) - -75).
64
151 - (67 - 24 - -26)
82
Evaluate -3 + (-35 - -33) + 46 - 81.
-40
10 + 538 + -531 + (-59 + 2 - -2)
-38
Calculate 152 - (97 + -13) - -29.
97
What is the value of -2 + 15 + -69 + 21 + -18 + 15?
-38
Calculate -49 - (-27 + (-18 - -6)).
-10
Calculate 84 + (0 - 13 - (106 + -112 + -6 + -4)).
87
Calculate (-49 - 0) + (-23 - (-157 + 120)).
-35
What is -12 - (20 + 11) - -66?
23
What is 27 + -34 + (-3 - (2 + 0)) + 10 - 17?
-19
-41 + 20 - (294 + -405)
90
Evaluate (-35 - 0) + -1 + 3 + (-126 - 108 - -236).
-31
What is the value of (1 + -11 + 18 - -8) + (4 - -10)?
30
What is (27 - (-21 + 70)) + 36?
14
Evaluate 39 - (57 + (-47 - -12)).
17
What is 23 - (26 - (-1 - (46 + -23)))?
-27
What is -41 - (-14 - -33 - -15 - 2)?
-73
142 + -22